) + -6 + 16 + -21?
5
Calculate -3 + -2 + (-9 - (10 + (9 - 8))).
-25
Evaluate -2 + (-8 - -27) + -7 + -18.
-8
What is 11 + (2 - 2) + -3 + (104 - 122)?
-10
Evaluate 15 + -14 + -14 + 26.
13
0 + (-12 - -1) - (103 - 98)
-16
Evaluate 5 + (-7 - -7) + 1 + -19 + -4.
-17
What is -1 - (2 - (-6 + 13)) - 1?
3
Calculate 1 - 5 - (10 - 12) - (-8 + -1).
7
What is the value of 54 - (11 + 25) - 3?
15
Calculate 2 - 13 - (7 + 1 - 9).
-10
Calculate 1 - 0 - ((-27 - -25) + -5).
8
What is -15 + (17 - 5) + 3?
0
What is the value of (32 - (20 - 12)) + -20?
4
191 - 212 - (-1 + -2)
-18
2 - -1 - (-4 + (0 - 2) + -1)
10
(-6 - (-10 - (-10 + 16))) + -19
-9
What is the value of 20 - (-16 - -33) - 34?
-31
-10 + 14 + 15 + (-2 - 5)
12
2 + (74 - 91 - (1 + 5 + 1))
-22
What is the value of (11 - (-19 + 16)) + 4?
18
Evaluate (19 - (-32 + 33)) + 22.
40
(0 - -8) + -14 + (17 - 20)
-9
126 + -140 + -9 + 7
-16
Evaluate -1762 + 1761 - (19 + 0 + -1 + -1).
-18
Calculate 7 - (-11 + -1 + 157 + -123).
-15
What is (5 - 10) + 10 - 7?
-2
0 - (-14 + (29 - -1)) - 10
-26
Evaluate -5 + 10 + -24 + -5.
-24
What is 0 - (-10 + (32 - 8))?
-14
What is the value of (92 - 39 - 36) + (3 - 0)?
20
What is (1 - (4 + -1)) + -388 + 396?
6
What is the value of -1 - (5 - 2) - (8 - (8 + -2))?
-6
What is the value of 3 + -6 - -8 - (16 - (-7 + 12))?
-6
(-889 - -882) + -1 + 2 + 22
16
What is the value of 0 - (-2 + -6 + 7 + -7 + 6)?
2
What is the value of 1 + 3 - (16 - (7 + 9)) - 15?
-11
Calculate 15 + -3 + 4 - 24.
-8
What is 10 - (-9 + 13 + -9)?
15
What is -1 - 7 - (26 - 26 - (0 - -3))?
-5
Calculate 28 + (-3 - 16) + 20.
29
Evaluate -31 + -5 + -20 + 51.
-5
What is -11 - (3 + -12 + 4)?
-6
Evaluate (-13 - (11 + -41)) + -11.
6
5 + (12 - 18) + -11
-12
-7 + 5 + 14 - 8 - 8
-4
Evaluate -17 - (-5 + 1 + -1 - (-38 - -34)).
-16
Calculate -12 - (-8 - (-11 + 7)) - 6.
-14
What is the value of 10 - 0 - (-339 + 355)?
-6
What is 3 - (11 - (-1 - -14))?
5
What is the value of -1 - -9 - (-13 + 18 + -6)?
9
Evaluate (5 + -7 - 19) + -2 - (-11 - -3).
-15
What is -22 + -13 + (13 - (-3 - -8))?
-27
Calculate 52 - 62 - (4 + 23 - 4).
-33
7 + -63 + 37 + 13
-6
What is the value of -24 + 31 + -5 - (-1 - (1 + -7))?
-3
What is the value of -61 - -43 - (11 + -56)?
27
What is the value of -37 + 2 + -7 - -23?
-19
What is 3 - (-4 - (25 - 13 - 4))?
15
(-29 - 0) + 24 + -2
-7
What is 4 - (-16 - (-6 + 0)) - 6?
8
Evaluate (41 - (30 + -24)) + -24.
11
Evaluate (-180 - -155) + 2 + (1 - 4).
-26
What is -10 - (-1 + -11) - (-9 - -3)?
8
Evaluate 21 + (-9 - 5 - -16).
23
-1 + -8 + 1 + 3 + -8
-13
Evaluate 7 + 6 + (-10 - 3).
0
-96 - -100 - (1 + -12 - -1)
14
6 + -10 - (15 + 7 - 15)
-11
Evaluate 86 + -72 + -2 + -6.
6
Evaluate 5 + -5 + -2 + 2 + 3 + -6.
-3
What is the value of -1 - ((8 - (-8 + (14 - -4))) + 0)?
1
(3 - (10 + 3)) + (604 - 592)
2
Evaluate -12 - (7 + -3 + -9 - 17).
10
What is the value of 4 + (4 - (-6 + 3)) + 1?
12
Evaluate -29 - -42 - (-3 + 1).
15
Calculate 25 + (-42 - -21) + -14.
-10
(2 - -10) + (7 - 10) + 2 + 1
12
What is the value of 5 + 2 + (0 - (-1 - (1 + -3)))?
6
Calculate -16 + (26 - -6 - -13).
29
What is the value of -28 - (5 - (-6 - -18))?
-21
Calculate 7 + (6 - 12) + 10.
11
What is (-10 - -18) + (1 - -3) - 9?
3
Evaluate 6 - (7 - (-5 + 15 - -2)).
11
What is the value of -21 + (0 - -7) - (14 + -6 + -2)?
-20
What is the value of -1 + (12 - (6 - 1)) - 6?
0
Calculate (4 - 12) + (-1 - -8 - 17).
-18
What is 1174 + -1174 + (-12 - (0 - 2))?
-10
Evaluate -2 + (20 + 0 - (-2 + 3 + 2)).
15
What is 223 - 237 - (0 + (-7 - (4 + -1)))?
-4
What is the value of -1 + (-9 + -2 + -2 - -6 - -7)?
-1
What is -7 + (-17 - 18) + 44?
2
What is the value of 8 - 12 - -19 - (14 + -11)?
12
What is the value of 2 + (24 - 51 - -1)?
-24
Evaluate -6 - (-2 + 7 + 6 + (2 - 11)).
-8
What is -95 + 88 - (-23 + -1)?
17
What is the value of -1 - -1 - 4 - ((-13 - 13) + 29)?
-7
Evaluate (-1 - -9 - (-18 + 31 + -9)) + 5.
9
(7 + 5 - -2 - 5) + -3 + -6
0
What is the value of 2 + (-6 + 9 + -1 - (-1 + -1))?
6
66 + -34 - (-14 + 76)
-30
23 + -2 - (48 - 12)
-15
What is the value of 5 + -8 + (-11 - -19 - 7)?
-2
Calculate -4 + (13 - (6 - -12)).
-9
What is 7 + -6 + (-3 - 4) + 6 + -21?
-21
-2 + (31 - 15 - 21)
-7
What is the value of (-1 + -7 - (6 + -18)) + -4 + -6?
-6
What is the value of 5 + (6 - 1) + 1 + 3 + -9?
5
What is the value of (7 - 17) + (-1 - (1 + 3)) + 4?
-11
155 + -128 + (-8 - 16)
3
What is -5 + (-27 - -4 - -51) + (2 - -1)?
26
What is the value of 49 + (-24 - -28) - 29?
24
What is 13 - (21 + -11) - (2 - 0)?
1
What is (19 - 1) + 0 + -18?
0
What is the value of 3 - ((-4 - 1 - -1 - 1) + 16)?
-8
What is (0 - (1 - 3) - -8) + (7 - 6)?
11
1 - -5 - (-80 - -117 - (-1 + 18))
-14
Calculate (-6 - (-11 + 10)) + 3 + -7 + 0.
-9
21 + (7 - -1) + -11 + (6 - 2)
22
What is -12 + (-7 - (-11 - (-8 - -3)))?
-13
Calculate (-6 + 8 - 13) + (4 + -10 - 0).
-17
Evaluate 3 + -12 + 14 + -8.
-3
What is the value of -23 - (7 - (8 - 2 - -3) - -2)?
-23
Evaluate (2 + -4 - -11 - 15) + (4 - -27).
25
What is 67 + -60 + (-5 - (5 + -3 - 3))?
3
Evaluate -9 + (10 + -1 - -7).
7
Calculate 80 + -98 + (14 - 2).
-6
What is -4 - -14 - (18 - (22 + -9))?
5
What is -5 + 20 + 8 - 24?
-1
Evaluate 2 - (13 - (-6 + 22)).
5
Evaluate -104 + 106 + (1 - 14) - 20.
-31
Evaluate -1 + -8 + 100 + -94 + 8.
5
Evaluate 6 - (1 + 0 + 2 - (2 + 7)).
12
Calculate (-6 - (-16 + 7)) + 3.
6
Evaluate 10 - 35 - -13 - (-29 - -6).
11
What is the value of (-2 - -3) + 5 - (16 + -13)?
3
Evaluate 5 - 16 - (-13 + -22 + 21).
3
Evaluate 0 - 2 - ((48 - 28) + -21).
-1
Evaluate (-4 - (6 - -42)) + 26 + -7.
-33
Calculate -7 + 12 + (23 - 14).
14
Calculate -26 + 7 + (31 + -23 - (9 - 2)).
-18
What is 46 - 34 - 12 - (-26 + 0)?
26
Calculate 21 - (25 + 27) - -1.
-30
(10 - (6 + 1)) + -8 + (-9 - 0)
-14
Calculate 19 - (-1 + 13) - (12 - 1).
-4
What is the value of 17 + 0 + 2 + -1 - (-9 + 18)?
9
-21 + -11 + 14 + 11 - -29
22
Evaluate (0 - 2) + -11 + (11 - -4 - 17).
-15
Evaluate 21 + -52 + 18 + 13 - (-14 - -1).
13
Calculate -14 + 1 + (-83 - -96) + (-3 - 4).
-7
Calculate (3 - -7) + 0 + -13.
-3
11 + -5 + -2 + -6
-2
Calculate 3 + (-5 - (-4 + -11) - 18).
-5
27 + -8 + (4 - -1) + (3 - 2)
25
Calculate 30 - (-31 - -61 - -22).
-22
What is -1 + -16 + 1 + (37 - 6) + -31?
-16
What is the value of (-9 - 0) + (1 - -1) - (65 - 59)?
-13
What is the value of 59 - 66 - (7 + -1) - (4 + 2)?
-19
(-10 - -8) + 5 + (-16 - 5)
-18
Evaluate -4 - 1 - (97 + -105).
3
What is the value of (-2 - 0) + (4 - 5 - 3)?
-6
38 - 32 - (14 + -2 + -21)
15
Calculate 25 - 7 - (2 - -9 - 4).
11
What is the value of (-32 - -36) + (-3 - -2 - -3)?
6
Calculate -3 + -1 + (10 - 8 - -4) - 17.
-15
What is 12 + 2 + -16 + (3 - -1)?
2
What is 18 - (8 - -16) - (-14 + 1)?
7
What is the value of 2 + -1 - (24 + -1 + -3) - -5?
-14
What is the value of (-2 + 1 - -2) + 3 - (109 - 80)?
-25
Calculate -18 + 12 + 4 + (24 - 4) + -2.
16
Calculate -6 + 1 + -2 + (0 - (-14 - -17)).
-10
What is (-2 - 1) + (-8 - (-6 - 4))?
-1
Evaluate 21 - (10 - (2 + 4 - 3)).
14
-4 + (71 - 64 - (-1 - -7))
-3
What is the value of -19 + (7 - 21) + 26 + -2?
-9
What is -1 - -3 - (531 - 549)?
20
What is 2 - -6 - (-7 + 4 + 7) - 33?
-29
Calculate (-12 - -42) + -13 + -6.
11
What is (-405 - -349) + (1 - -26)?
-29
-2206 - -2178 - (0 + -66)
38
Calculate 80 - 78 - (3 + -1) - 10.
-10
(34 - (9 - -23)) + (-5 - 0)
-3
(-2 + 0 - (-9 - (1 - 1))) + 4
11
What is the value of -2 - -16 - (-656 + 693)?
-23
Evaluate -50 - -43 - (-4 - 6).
3
Evaluate -1 + -4 + 5 + -11 + 1 + -1.
-11
Calculate (-2 - -1) + 2 - (-2 + -15 + 20).
-2
What is (5 + (-3 - (-5 - -7)) - 4) + -3?
-7
Evaluate -2 + 38 + -74 + 49.
11
Evaluate -32 - (1 + -34 + -23).
24
What is the value of (27 - (30 + -4)) + 6?
7
Calculate 24 + -3 - (-39 - -49).
11
10 + -2 + -15 + (0 - -6) - 2
-3
What is the value of -29 - (-50 - (26 - 47))?
0
What is -5 + 23 + -28 + (0 - -2)?
-8
What is the value of -13 + (-3 - -3 - -3) + 5 + 5?
0
Calculate 71 + -99 - (1 - 17).
-12
Calculate (317 - 346) + 19 + 2.
-8
Calculate -9 + (1 - 7 - -7) + -8.
-16
What is 372 + -375 + (1 - -1) + -1 + -10?
-12
What is (181 - 205) + (0 - -31)?
7
What is 2 + 3 - (1 - 1)?
5
Evaluate -13 - (14 + -14 - 8 - 26).
21
What is (-14 - (-12 + 8)) + -4 + 5 + -3?
-12
What is the value of (11 - 47) + (47 - 14)?
-3
Calculate -3 + (8 + -9 - 3).
-7
What is (23 - (2 - 19)) + -14 + (-7 - -1)?
20
What is 9 + -6 + -11 + 1